ase 4, what is -323213130 + 2?
-323213122
In base 9, what is 8 + 181464?
181473
In base 13, what is -7 - 1a2?
-1a9
In base 4, what is -12 + 1120201?
1120123
In base 3, what is -2110 + 22101?
12221
In base 14, what is 5d1 + -1?
5d0
In base 7, what is 6640 + 33?
10003
In base 12, what is 50015 + -11?
50004
In base 2, what is -10001110 - -100000101?
1110111
In base 3, what is 122 - -2220102220?
2220110112
In base 8, what is -2 - -62670?
62666
In base 14, what is a + 1098b?
10997
In base 12, what is -2 + -47118?
-4711a
In base 12, what is -1a934 + 7?
-1a929
In base 9, what is 3446 - 64?
3372
In base 15, what is 168 - -eb2?
112a
In base 6, what is 135252 - 34?
135214
In base 6, what is -1003 + -124433?
-125440
In base 2, what is -10011 + 10010001?
1111110
In base 15, what is -47b - 1764?
-1be0
In base 3, what is -1 + -11201221200?
-11201221201
In base 4, what is 11 - 1033011110?
-1033011033
In base 4, what is -233 + 213223?
212330
In base 11, what is -328 + -1005?
-1332
In base 15, what is 0 - 38045?
-38045
In base 13, what is -13216 + 6?
-13210
In base 2, what is -1101111110010010001 - 10010?
-1101111110010100011
In base 9, what is -2284171 - -5?
-2284165
In base 16, what is d79a - c?
d78e
In base 9, what is -4 + 3418?
3414
In base 5, what is -4 - -4411333?
4411324
In base 8, what is 20322 - 10?
20312
In base 9, what is -52 + 40503?
40441
In base 9, what is -17 - -272044?
272026
In base 10, what is -117 - 561?
-678
In base 11, what is 0 + 116114?
116114
In base 9, what is 5 - 46708?
-46703
In base 15, what is 14de1 + 1?
14de2
In base 6, what is -1014 - -24403?
23345
In base 10, what is 102 - 22295?
-22193
In base 12, what is -210 - 5790?
-59a0
In base 7, what is 4015 - -261?
4306
In base 13, what is 21 + -1216?
-11c5
In base 3, what is -2221121110 - -12?
-2221121021
In base 4, what is 30201 + -20122?
10013
In base 5, what is 1024 + 1113?
2142
In base 5, what is 13040 - -30304?
43344
In base 10, what is 112 - -528?
640
In base 3, what is -11211211020 - -21?
-11211210222
In base 8, what is 150223 - -5?
150230
In base 11, what is 82 - -597?
669
In base 7, what is 10 + -4221415?
-4221405
In base 3, what is 21 - -221021010122?
221021010220
In base 16, what is -3 + 28c?
289
In base 5, what is -23210322 - 2?
-23210324
In base 3, what is 2100021 + -1222?
2021022
In base 13, what is -1 + 35880?
3587c
In base 9, what is 1 + -12864?
-12863
In base 9, what is -24 + 3772?
3747
In base 14, what is 2bbd2 + -5?
2bbcb
In base 16, what is -3 + -35e10?
-35e13
In base 15, what is 50 - -d34?
d84
In base 7, what is 153 + -1341?
-1155
In base 2, what is -1100110011111011 + 11010?
-1100110011100001
In base 16, what is -1354 + -14?
-1368
In base 9, what is 281240 - -1?
281241
In base 15, what is -90dd + -14?
-9102
In base 2, what is -10111100 + 1110000?
-1001100
In base 6, what is 124035 - 13?
124022
In base 5, what is -3 + 133342?
133334
In base 11, what is 345 + -1014?
-77a
In base 12, what is 81781 + 1?
81782
In base 7, what is -111 - -1353?
1242
In base 4, what is 1010032 - 3?
1010023
In base 13, what is -18 + 5877?
585c
In base 13, what is -1680 + 1?
-167c
In base 4, what is 11110023312 + -1?
11110023311
In base 12, what is -14 + -3170?
-3184
In base 13, what is a46 + 146?
b8c
In base 4, what is -11 + 22012300?
22012223
In base 4, what is 10 - 23133233?
-23133223
In base 12, what is 417 - 2?
415
In base 9, what is -25815 - -14?
-25801
In base 7, what is -2213004 - 2?
-2213006
In base 7, what is -223406 + -3?
-223412
In base 5, what is -134103 + 42?
-134011
In base 14, what is -186dd + 5?
-186d8
In base 13, what is -4 - 2447?
-244b
In base 3, what is -122 + 1120112001?
1120111102
In base 8, what is -74 + -3235?
-3331
In base 12, what is -46a6 - 3?
-46a9
In base 6, what is 1441 + 512?
2353
In base 8, what is -6013 + 1173?
-4620
In base 7, what is 4 + -135214?
-135210
In base 15, what is -1aa - 167?
-322
In base 5, what is -2 - -14242110?
14242103
In base 3, what is -12 + -120222100220?
-120222101002
In base 2, what is -101 + 10111000000101?
10111000000000
In base 12, what is -707 - -22b?
-498
In base 10, what is 19 - -22996?
23015
In base 2, what is -1111000101 - -11001110000?
1010101011
In base 2, what is -10 + -1000011001110?
-1000011010000
In base 5, what is 22140 - 422?
21213
In base 2, what is 10100011111 + -11011010?
10001000101
In base 13, what is 3c4154 + 5?
3c4159
In base 3, what is -120 - -12210122?
12210002
In base 6, what is -122 + -213?
-335
In base 2, what is -11101101110111011 + -10?
-11101101110111101
In base 11, what is -1678811 - 3?
-1678814
In base 15, what is -25 + 4e5?
4c0
In base 15, what is -c3e3 - 7?
-c3ea
In base 3, what is 21212 + -1020212?
-222000
In base 10, what is -2212 + -7?
-2219
In base 5, what is 340 - -20343?
21233
In base 16, what is -7d + 311?
294
In base 12, what is -60 + 221?
181
In base 6, what is -44333 + 3?
-44330
In base 8, what is 1004 - -62?
1066
In base 5, what is 43332 - -1241?
100123
In base 16, what is -134b - 2?
-134d
In base 11, what is -4 + -72478?
-72481
In base 5, what is 13033231 - 2?
13033224
In base 6, what is 0 + -333312?
-333312
In base 7, what is 5343200 + 0?
5343200
In base 2, what is -1111 - 1101010100100110010?
-1101010100101000001
In base 8, what is 1507607 - -2?
1507611
In base 13, what is 4ba33c + -4?
4ba338
In base 9, what is 47 - 26124?
-26066
In base 11, what is 20 + 703?
723
In base 15, what is aa - 137?
-7c
In base 12, what is 10 + 201aa?
201ba
In base 11, what is -3976 + 691?
-3295
In base 12, what is -89769 + -2?
-8976b
In base 11, what is 26a8 + -104?
25a4
In base 4, what is 3 - 233012?
-233003
In base 2, what is -1001 + 111001110101?
111001101100
In base 15, what is 66e + 46?
6b5
In base 16, what is 5d + 1697?
16f4
In base 11, what is -124 - 179a?
-1913
In base 8, what is 14631 - -335?
15166
In base 12, what is 6337 - -6?
6341
In base 4, what is 103 - -10312?
11021
In base 7, what is 0 - -60060?
60060
In base 9, what is 424006 + 17?
424024
In base 6, what is -3 - -141540?
141533
In base 5, what is -2243421 - 4?
-2243430
In base 3, what is 1020220 - 200101?
120112
In base 4, what is 3122010 + -100?
3121310
In base 12, what is -5 - -30b7?
30b2
In base 10, what is 3 - -840776?
840779
In base 5, what is 10 + 11213020?
11213030
In base 10, what is 556 - 961?
-405
In base 8, what is -150333 - 3?
-150336
In base 3, what is 12 + -201100221?
-201100202
In base 16, what is -1eea - -3b?
-1eaf
In base 7, what is 111 + -14?
64
In base 5, what is -41 + 34?
-2
In base 13, what is -a178 - -cc?
-a079
In base 8, what is -5 - -10620?
10613
In base 3, what is -101 + 121211112?
121211011
In base 12, what is -2 + 1?
-1
In base 10, what is -509 - -54?
-455
In base 6, what is -141 + -112?
-253
In base 2, what is 10110001011 + -1001110011?
1100011000
In base 4, what is 11 - -1220111302?
1220111313
In base 5, what is 1314 - -21031?
22400
In base 14, what is -2 - -84c32?
84c30
In base 3, what is -1 + -1000110001112?
-1000110001120
In base 3, what is 10110102 - 111?
10102221
In base 13, what is 15 + -476b?
-4756
In base 5, what is 11 + 402241?
402302
In base 9, what is -8 - -76730?
76721
In base 7, what is 210 + -50?
130
In base 14, what is -14203 - 1d?
-14222
In base 11, what is 354 + -317?
38
In base 3, what is 1001021 + -1101?
222220
In base 14, what is -12209 - 0?
-12209
In base 3, what is 11021 + 211200?
222221
In base 10, what is 23 - 205969?
-205946
In base 8, what is -7 + -122743?
-122752
In base 10, what is 5 - -4066?
4071
In base 6, what is 10 - 12052?
-12042
In base 13, what is -45 - 644?
-689
In base 11, what is -46 + 596?
550
In base 9, what is -1760180 - 0?
-1760180
In base 15, what is 3 - 320?
-31c
In base 15, what is 5 - -5218?
521d
In base 6, what is 3 - -2211212?
2211215
In base 2, what is -110111101010010 - 110?
-110111101011000
In base 5, what is 1301 - 1344113?
-1342312
In base 2, what is 100110111111001 - 100?
100110111110101
In base 15, what is -2 - -4780?
477d
In base 12, what is 86 - -2a0?
366
In base 7, what is -5 - 1244340?
-1244345
In base 12, what is -19255 + 5?
-19250
In base 16, what is -4 + -1b205?
-1b209
In base 11, what is -5937 + 8?
-592a
In base 5, what is -3143 + -13102?
-21300
In base 10, what is -365 + -812?
-1177
In base 6, what is 114 + -2501?
-2343
In base 5, what is 12 - 2222